s of x?
3
Let m(z) = 2 + 5*z**2 + z**3 + 2 - 4*z**2. Let q be m(0). Suppose l + 44 = q*d, -4*l + 1 = d - 10. What are the prime factors of d?
11
Let g(b) be the third derivative of -b**6/120 + 3*b**5/20 - b**4/3 + 2*b**2. Let o be g(8). Suppose -4*q + 28 = -o*q. List the prime factors of q.
7
Suppose 0 = 4*q - 3*q - 110. List the prime factors of q.
2, 5, 11
Let t = -15 + 34. Suppose 7 - t = -4*f. What are the prime factors of f?
3
Let a(f) = 3*f + 4. Let i(k) = -5*k - 8. Let o(n) = 11*a(n) + 6*i(n). Let m = 7 + -3. What are the prime factors of o(m)?
2
Suppose z = l - 2, 5*l + 4*z = 2*z + 17. Let m(d) = 8*d + 5. List the prime factors of m(l).
29
Let j be (-3)/(3*-1) - 21. Let w = j - -36. Suppose 4*l + 0*l - 1 = 5*q, -4*l = -w. List the prime factors of q.
3
Suppose 0 = -2*o - 3*i + 38, 0 = 3*o - o - 3*i - 38. What are the prime factors of o?
19
Suppose -10 = -2*h + 2*x, -5*h + 25 = 3*x - 0. Let o(w) be the first derivative of w**2 + w - 2. What are the prime factors of o(h)?
11
Let z(c) = c - 4. Let s be z(9). Suppose j - 35 = -w - 7, w = -s*j + 128. What are the prime factors of 3/6 + j/2?
13
Let g(b) = b**2 - 3*b. Let z be g(3). Let c = 12 + z. List the prime factors of c.
2, 3
Let y(x) be the second derivative of -3*x**5/20 + x**4/4 - x**3/6 - x**2/2 - 4*x. Let q be y(2). What are the prime factors of (-183)/q - 2/10?
2, 3
Suppose -4*g - 68 = -8*g. What are the prime factors of g?
17
Let x(z) = z**3 - 7*z**2 - 7*z - 3. Let p be x(8). Suppose 5*w + 3*j - 10 = 0, 3*w + 3*j - 1 - p = 0. What are the prime factors of w?
2
Suppose -10 = -2*o + 4. Let t = o + 3. List the prime factors of t.
2, 5
Suppose 168 = 3*b + 5*k, -k + 4*k = b - 42. List the prime factors of b.
3, 17
Let b be ((-3)/(6/20))/(-1). Let m = b - 7. What are the prime factors of m?
3
Let d(v) = 3*v**3 - 7*v**2 + 3*v - 7. Let g(l) = -l**3 + 3*l**2 - l + 3. Let h(x) = -3*d(x) - 7*g(x). What are the prime factors of h(-2)?
2, 5
Suppose 3*i + 1 + 17 = 0. Let w = i + 8. Suppose -5*k + 40 = -5*n, 2*n + w*n + 5 = -5*k. List the prime factors of k.
3
Suppose 5*r + 33 = 4*x - 159, 82 = 2*x + r. List the prime factors of x.
43
Let s(m) = -11*m + 6. List the prime factors of s(-10).
2, 29
Let s(w) = 4*w**2 - 2*w - 2. Let b(o) = o**2 - o + 2. Let m be b(0). List the prime factors of s(m).
2, 5
Let v = 1 + -4. Let s be (-2)/(-3)*33/(-22). What are the prime factors of 11/3 + s/v?
2
Suppose -5*b - 20 = 0, -38 = -x - 0*b - 2*b. List the prime factors of x.
2, 23
Let f(v) = 18*v + 31. What are the prime factors of f(6)?
139
Let d(r) = 2*r - 9. Let h(x) = -7*x**3 - x**2 + 1. Let a be h(-1). Let k be d(a). Suppose -k*v + 0*v = -15. List the prime factors of v.
3
Let j be (-12)/54 + (-38)/(-9). Suppose -s + 130 = j*s. List the prime factors of s.
2, 13
Let y = 0 - -1. Let n be -1*(-3)/(y + 2). What are the prime factors of (7 + 0 + -2)/n?
5
Suppose 3*q = -5*w + 269, 0 = -0*q + 4*q - 12. Let b = w + -34. List the prime factors of b.
2, 3
List the prime factors of (-2)/6 + (-85)/(-3).
2, 7
Suppose 0 = 4*u - u + 6, 3*i = u + 155. What are the prime factors of i?
3, 17
Let n(j) = -2*j + 6 + 3 - 1 + 0. What are the prime factors of n(-6)?
2, 5
Let n = 11 - 7. Suppose -2*i - 2*b + 96 = 0, -193 = -n*i + b + 4. List the prime factors of i.
7
Let s(d) = 31*d - 5. What are the prime factors of s(3)?
2, 11
Let a = 0 + 20. What are the prime factors of a?
2, 5
Let h = 8 + -2. List the prime factors of (-909)/(-63) + h/(-14).
2, 7
Suppose p - 41 = -2*p - x, 4*p - 68 = -4*x. Suppose -s + 3 = -p. List the prime factors of s.
3, 5
Suppose 0 = -3*c + 3*k + 219, 2*c - 2*k + 199 = 5*c. List the prime factors of c.
3, 23
Let l(m) = -m**3 + m - 2. Let p be l(-3). Suppose 0 - p = -r. What are the prime factors of r?
2, 11
Suppose 4*f + 2*m - 16 = -0*m, -f + m = 2. Let l be (0 - -3) + (-2)/f. Suppose 0 = -7*c + l*c + 70. What are the prime factors of c?
2, 7
Let u = -7 + 10. Suppose -m + 4 = 0, 0 = -a + u*m - 0 + 10. List the prime factors of a.
2, 11
Let l be (4/(-8) - 0)*-2. List the prime factors of -10*l/2*-2.
2, 5
Suppose 4*j = 3*j. Suppose 0 = -j*t + 4*t + 16. Let s = 8 + t. List the prime factors of s.
2
Let t be (4/3)/(8/24). Suppose t*s - 31 = -k - 0*k, 178 = 3*k - 5*s. What are the prime factors of k?
3, 17
Suppose -3*u - 328 = -5*v, 4*v = -4*u - 118 + 374. What are the prime factors of v?
5, 13
Suppose 0 = -4*f - 3*h + 117, 0 = -f + 5*h - h + 15. List the prime factors of f.
3
List the prime factors of 21/28 + (-237)/(-4).
2, 3, 5
Let w = -146 - -216. List the prime factors of w.
2, 5, 7
Let j = 28 + 2. What are the prime factors of j?
2, 3, 5
Let a(q) be the third derivative of -5/24*q**4 + 0 + 1/30*q**5 + 1/3*q**3 - 4*q**2 + 0*q. List the prime factors of a(3).
5
Let p(y) = y + 20. List the prime factors of p(0).
2, 5
List the prime factors of 37/5 - 6/(-10).
2
Suppose -p = 3*l - 2*l - 3, 0 = 5*p - l - 21. List the prime factors of p.
2
Let y(l) = l + 8. Let b be y(-6). Suppose -b*d + 0*d - 2 = 2*p, d = -2*p. Let i = p - -4. What are the prime factors of i?
5
Let d(v) = v**2 + 3*v - 7. Let u be d(-6). Suppose -o = -0*o - u. Suppose 2*x + o - 29 = 0. List the prime factors of x.
3
Let v = -149 + 255. List the prime factors of v.
2, 53
Let p be ((-48)/(-40))/(2/115). Suppose 5*b - 56 - p = 0. What are the prime factors of b?
5
Suppose -9*f = -4*f - 45. What are the prime factors of f?
3
Let h be (-1)/(-2) + 234/12. Suppose -3*q = -5*u - 70 + h, -q + 40 = -5*u. What are the prime factors of 2/4*4 - u?
3
Suppose -6*v = -3*v - 9. Suppose 0 = -0*d - v*d + 12. Suppose d*r - 4 - 36 = 0. List the prime factors of r.
2, 5
Let b(h) = -h**2 - 14*h - 10. List the prime factors of b(-7).
3, 13
Let y(g) = -3*g. Let i be y(-1). Let z be -8*3/(-18)*i. Suppose 4*d - 16 = z*t, 0 = -3*d + 5*t - 0 + 6. What are the prime factors of d?
7
Suppose 5*y - 299 = 656. List the prime factors of y.
191
Let n(g) = 0*g**2 + 2*g + 1 - g**3 - 5*g**3 + 0*g**3 + 2*g**2. List the prime factors of n(-1).
7
Let x = 103 + -62. List the prime factors of x.
41
Suppose 31 + 35 = -3*x. Let d = 37 + x. List the prime factors of d.
3, 5
Suppose 4*f + 100 = -0*f. Let a = 7 - f. What are the prime factors of a?
2
Let g(h) = 4 + 6 - 4 - 1 + h**2. Let d be g(0). Suppose 35 + 35 = d*u. List the prime factors of u.
2, 7
Let w(i) = 13*i**2 + 3*i + 7. List the prime factors of w(-3).
5, 23
Suppose 8*s = 4*s - 28. Let f = 23 + s. What are the prime factors of f?
2
Suppose 0 = -15*u + 645 + 1335. What are the prime factors of u?
2, 3, 11
Let n(u) = -u**2 + 4*u - 2. Let l be n(5). Let t(x) = -x**3 - 7*x**2 - 4*x - 2. What are the prime factors of t(l)?
2, 13
Let a = 5 - 1. Suppose a*l - 27 = l. What are the prime factors of l?
3
Let s(r) = -r - 14. Let b = 8 + -8. Let n be s(b). Let q = 21 + n. List the prime factors of q.
7
Suppose 2*r + 3*r = t - 78, 5*r + 274 = 3*t. Suppose -3*k + i = 48 - 131, 4*k = -5*i + t. What are the prime factors of k?
3
Let m be 2*2/(-8)*-6. List the prime factors of (9/(-15))/(m/(-45)).
3
Suppose 5*d - 5 = 5*b, -2*b + 4 = -5*d + 12. Suppose 4 = t, -d*w + 4 = -0*w + t. Suppose w = 2*s - 3*s + 13. List the prime factors of s.
13
Let z be (-1)/(1/2*-1). Suppose 0*o + z = o. What are the prime factors of o?
2
Suppose 736 - 251 = 5*x. What are the prime factors of x?
97
Let r(l) = 5 - 6 - 6 - 1 + 3*l. What are the prime factors of r(5)?
7
Let g = -11 + 14. Let y(l) = 2*l + 3. What are the prime factors of y(g)?
3
Let f = -2 - -5. Suppose -4*x = 5*b + 15, -2*b - f*b - 15 = -3*x. Suppose -5*j + p + 28 = x, -3*j = -0*j - 2*p - 21. What are the prime factors of j?
5
Let p = -11 - 22. Let m = -23 - p. List the prime factors of m.
2, 5
Let r = -13 + 28. Let n = r - 5. What are the prime factors of n?
2, 5
Suppose 59 = -2*h + 5*h - 5*n, 2*h = n + 51. List the prime factors of 2 + (-4 - 1) + h.
5
Let d(k) = -k**2 + 3*k + 1. Let r be d(-2). Let h = -4 - r. Suppose 3*f - h*v - 1 = 0, f + 3*v = 2*f + 1. List the prime factors of f.
2
Let m = 135 + -77. List the prime factors of m.
2, 29
Let o(x) = -1 + 2 + 8*x - 2. Let f be o(1). Suppose -4*q + 12 = 0, 2*q - f*q + 23 = 4*z. List the prime factors of z.
2
Suppose -3*v - 5*x = -5 - 6, -3*v = -4*x - 2. Suppose -v*q + 6 = -16. What are the prime factors of q?
11
Let i = 15 - -25. List the prime fa